.
2
Let m(p) = -2*p**2 - 3*p - 3. Let r(w) = w**2 + w + 1. Let g(f) = -2*m(f) - 5*r(f). Let l(o) = o**3 + 7*o**2 - o - 7. Let a(v) = 3*g(v) + l(v). Determine a(-4).
-12
Let z(g) = 3*g**2 - 6*g - 1. Suppose n = m + 2, -4*n + 11 + 3 = -m. Let c(v) = -v**2 - 1. Let j(y) = n*c(y) + z(y). Determine j(-4).
3
Let p be 4/(-6)*(-63)/(-14). Let q(b) = b. Give q(p).
-3
Let j(g) = -g**3 + 5*g**2 - 6*g. Let f(l) = -l - 4. Suppose -5*x = -x + 32. Let w be f(x). Determine j(w).
-8
Let z be 12/((-3)/(-1)) - (-4 + 16). Let d(o) be the second derivative of o**5/20 + 7*o**4/12 - 7*o**3/6 + o**2/2 + 3*o. What is d(z)?
-7
Let i = 121 - 126. Let t(w) = -w**3 - 4*w**2 + 2*w - 7. Give t(i).
8
Let c(j) = -j - 2. Let w be c(-6). Let l(h) = -w*h**3 + 0*h**3 + 2 - 3*h**2 + 0*h**3 + 5*h**3 - h. Determine l(3).
-1
Let u = -8 + 11. Let o(c) = -2*c**u + 2*c**2 - 1 - 2*c**3 + 0*c**3. Suppose 2 = -4*d + 6. Calculate o(d).
-3
Let b(x) = x**3 + x + 23. Let f = 32 - 32. Give b(f).
23
Let f(y) be the third derivative of 1/60*y**5 + 1/2*y**3 - 1/12*y**4 + 0*y - 1/120*y**6 - y**2 + 0. Calculate f(2).
-5
Let h(c) be the third derivative of -c**5/120 + 5*c**3/6 - 2*c**2. Let r(w) be the first derivative of h(w). Let k = -3 + 0. What is r(k)?
3
Let w(y) be the first derivative of -y**5/20 - 4*y**3/3 + 3. Let d(t) be the third derivative of w(t). What is d(1)?
-6
Let s(o) = -3*o - 2 + 2*o - 1. Calculate s(-6).
3
Suppose 3*r + 2*h - 6 = 0, -5*r - 5*h + 18 = 3. Let i = -19 + 18. Let q be i*r/(5 + -2). Let m(n) = -n**3 + n**2 - n - 6. Calculate m(q).
-6
Let j(i) be the first derivative of i**4/4 + i**2/2 + 2*i - 3. Let r be j(-2). Let f = -6 - r. Let v(q) = 5*q - 2. Calculate v(f).
8
Let d(m) = -m**3 - 4*m**2 + 9*m + 2. Let a be d(-6). Suppose 8*l = 4*l - a. Let p(b) = -b**3 - 5*b**2 + b + 4. Determine p(l).
-1
Let n(f) = f**2 + 3*f + 1. Let m be n(-5). Let o = m + -16. Let g(s) be the third derivative of -s**5/60 - s**4/8 + 5*s**3/6 + 41*s**2. Give g(o).
-5
Suppose 0 = -3*v + 17 - 5. Let l(g) = g**3 - 3*g**2 - 7*g + 6. What is l(v)?
-6
Let d(r) = r**3 - r**2. Suppose -s - 5*t - 1 - 4 = 0, 0 = 4*s - 5*t - 5. Suppose i + 0*i = s. Determine d(i).
0
Let u(b) = -5*b + 1. Let k(y) = -y**3 + 2*y - 1. Let o be k(1). Suppose 2*p - p + 2 = o. Determine u(p).
11
Let i(z) = -2*z - 1. Let p(n) = 1 + 1 - 2*n - 3. Let o(h) = -3*i(h) + 4*p(h). Determine o(2).
-5
Let l(g) be the third derivative of -g**4/24 + 2*g**3/3 + 3*g**2. Let f be l(8). Let z(t) be the third derivative of t**4/12 + t**3/3 - 2*t**2. What is z(f)?
-6
Let c(z) = -4*z**3 + 2*z**2 + z - 2. Let p(a) = -9*a - 7. Let d be p(-1). Calculate c(d).
-24
Let h(n) = -n**3 + 5*n**2 - 4*n. Suppose 104*w = 109*w - 15. Calculate h(w).
6
Let z be -2 - -2*(-4)/(-2). Let b(v) = 4*v**z + 3*v - 1 - 1 - 1 - 3*v**2. Give b(-4).
1
Let d(s) = -s**2 - 3*s + 2. Suppose 35 = 5*v - 3*y, 3*y + 23 = 2*v - 0*v. Suppose v*o - 5 = 4*n + 3, -n = 0. Calculate d(o).
-8
Let l(k) = 3*k + 4*k + 1 - 3*k. Let u be -2 + -2 + (1 - -2). Determine l(u).
-3
Let u(w) = 2*w**2 + w - 1. Suppose -24*q + 21*q = 6. What is u(q)?
5
Suppose 0 = 3*u - 3*j, 3*u = u - 3*j - 10. Let g(a) = -2*a**2 - 2*a - 2. What is g(u)?
-6
Let z = -10 + 14. Let t(w) = -w**3 + 4*w**2 - w + 5. Let q be t(z). Let s(l) = -l**3 - l**2 + l - 1. What is s(q)?
-2
Let z(g) = -3*g**3 + g**2 - 7*g + 5. Let a be (-2)/1 - (1 + 2). Let r(h) = 5*h**3 - h**2 + 10*h - 7. Let k(c) = a*r(c) - 8*z(c). Calculate k(-5).
15
Suppose -2*v - 10 = 3*v. Let m(a) = 3 - 11*a + 33*a - 7*a - 13*a. Give m(v).
-1
Let c(p) = -p**2 - 4*p - 1. Let f be (0/(-1))/(1/1). Suppose f*s = -5*s - 10. Let y(l) = -l**2 - l - 2. Let x be y(s). Determine c(x).
-1
Let t(p) = 2*p + 4 - p**2 - 5 + 0*p. Determine t(2).
-1
Let v = 3 + -1. Let p be 0 - (-2)/(-4)*-2. Let r(l) = -1 + 0*l - p + v*l. Give r(3).
4
Let o(t) be the third derivative of -t**6/360 + t**5/20 - t**4/6 + 2*t**2. Let w(v) be the second derivative of o(v). Calculate w(5).
-4
Let l(a) = -a + 8. Suppose 0 = -2*s - 4 + 2. Let y be (-4)/8*s*2. Let m = y + -1. Determine l(m).
8
Let q(a) = -a + 3. Let j(t) = -2*t**2 + 14*t + 16. Let m be j(8). What is q(m)?
3
Let w(a) = 212 - 217 - 2*a - a. Give w(-6).
13
Let m(h) = -40*h + 88*h - 49*h. Determine m(4).
-4
Let g = 47 - 41. Let v(i) = -i**3 + 7*i**2 - 5*i - 2. Determine v(g).
4
Let c(m) = m**2 + m + 2. Let w(s) = -5*s. Let r be w(-2). Suppose 3*x - 4*a = -5, -5*x - a - r = -2*x. Let y be (-2)/((-1)/(x/3)). Calculate c(y).
4
Let t(m) be the first derivative of m**2/2 + 10*m - 14. What is t(0)?
10
Let g(l) be the first derivative of -l**4/4 - 4*l**3/3 + l**2 - l - 13. Determine g(-4).
-9
Let j(b) = b**2 - 7*b - 3. Let c be j(7). Let n(p) = -p - 4. Determine n(c).
-1
Let n = 7 + -4. Let c(b) = -n + 3 - b. Suppose -2*j + 3*s + 16 = 0, 0 = -4*j - 2*s + 7*s + 30. Calculate c(j).
-5
Let d(n) = -n**3 + 7*n**2 - 9*n + 2. Let y be d(5). Let o(b) = -7*b - b**2 + b**2 + b**2 - 1. Determine o(y).
-1
Let t(k) = k + 14. Let m be t(-10). Let l(f) be the second derivative of 1/3*f**3 - 1/4*f**m - 3/2*f**2 + f + 1/10*f**5 + 0. Give l(2).
5
Suppose -2*m = -7*m + 130. Suppose 4*n + m - 10 = 0. Let d(o) = -o - 4. Give d(n).
0
Let k(o) = 4*o**2 - o - 6. Let h(l) = -l**2 - l. Let w(f) = 5*h(f) + k(f). Let u be w(-4). Let p(i) be the second derivative of -i**3/2 - i. Determine p(u).
-6
Let k(h) = h**3 + 2*h - 1. Suppose -l + 1 + 4 = 2*t, 0 = 4*t - 4*l + 8. What is k(t)?
2
Let r(g) = 3*g + 1 - 208*g**2 + 70*g**2 + 66*g**2 + 69*g**2. Let v = 0 + -2. Calculate r(v).
-17
Suppose -43 = -4*m - 3*f, -2*m + 6 = 2*f - 18. Let q(g) = -g**3 + 7*g**2 - g + 10. What is q(m)?
3
Let p(l) be the first derivative of 10*l**2 - 44. What is p(-1)?
-20
Let l = 0 - -2. Let z(o) = -o - l*o + 2*o - 3 + 8. Determine z(4).
1
Let q be (-5 - -1) + 14/2. Let w(m) be the third derivative of 1/6*m**q + 1/120*m**6 + 0 + 0*m + 3*m**2 + 1/15*m**5 + 1/8*m**4. Determine w(-3).
1
Let m(l) = -l**2 + l + 3*l**3 + 10*l**3 - 5*l**3 + 17*l**3. Calculate m(1).
25
Suppose 4*c - 2*c - 8 = 0, 0 = 5*p - 3*c - 33. Let m(f) = -f + 6. What is m(p)?
-3
Let d be (2 - 20/14) + (-175)/49. Let r(c) = c + 1. Determine r(d).
-2
Let v(i) be the first derivative of i**4/4 - 7*i**3/3 + 3*i**2 - 4*i - 6. Determine v(6).
-4
Let s(i) = -5 - 2*i**2 + 0*i**2 + 6*i**2 + 3*i - 3*i**2. Give s(-5).
5
Let s = 4 + 0. Let c(a) = -a**3 + 5*a**2 - 2*a - 4. Give c(s).
4
Let s(h) be the third derivative of h**4/24 + 2*h**3/3 + 29*h**2. Give s(0).
4
Let d(p) be the first derivative of -11*p**2/2 - p + 2. Give d(1).
-12
Let b(s) = -s**2 - 5*s + 2. Let w = -3 - 8. Let y = 7 + w. Determine b(y).
6
Let g(x) = 5*x - 3. Let i = 68 + -64. Calculate g(i).
17
Let y(c) = -c**3 - c**2 - 3*c - 3. Suppose -3*o - 20 = o. Let l(t) = -t - 7. Let s be l(o). Determine y(s).
7
Let f be 1/(-2 - (-18)/8). Suppose 0 = -f*h - 1 + 13. Let i(a) = a**2 + 10*a - 10*a - h. Calculate i(3).
6
Let t(i) = i + 1. Let w(g) be the first derivative of -g**2 - 2*g + 1. Let q(n) = -5*t(n) - 2*w(n). Determine q(-4).
3
Let u be (1/2)/((-2)/4). Let f = 1 - 0. Let w = u - f. Let a(k) = -k - 2. Determine a(w).
0
Let s(c) = -7*c**2 - c + 7. Let k(t) = -4*t**2 - t + 4. Let x(w) = 5*k(w) - 3*s(w). Let m = -66 - -68. Give x(m).
-1
Let z(s) = s**2 - 7*s - 8. Let k be z(8). Suppose k = -2*q - i + 10, -i = 5*q - 4*i - 3. Let p(v) = -q*v**2 - v + 1 + 2*v**2 + 2*v**2. Give p(2).
3
Let a be 4/1 - (-1 + 1). Suppose -16 = -a*u - 3*z + 2, 4 = -2*u + 5*z. Let o(g) be the first derivative of -g**4/4 + g**3 + 4*g - 10. What is o(u)?
4
Let l be (-5 - -2)/((-6)/20). Let y = 6 - l. Let q(g) = -g + 1. Let j(s) = s**3 + 5*s**2 - 1. Let k(z) = -j(z) + 4*q(z). Give k(y).
5
Let i(l) = -3*l + 5. Let d(s) = -s**2 + 9*s + 6. Let x be d(10). Give i(x).
17
Let g = -4 - -4. Suppose -c - 15 = -3*h - 2*c, -2*h + 3*c + 10 = 0. Let k(a) = -2*a - a**2 - 4*a + 8 + h*a. Calculate k(g).
8
Let n(j) = -7*j**3 + j**2 - j. Suppose -3*d = -3 - 0. Let v be (-1)/(-2 + d/1). Give n(v).
-7
Let n(p) = p**3 + 6*p**2 - 8*p - 3. Let i be n(-7). Let s(f) be the first derivative of 4/3*f**3 + 7 - 1/4*f**4 + 2*f - 3/2*f**2. Determine s(i).
-10
Let i = -4 + 4. Let x be i/((-6)/3*1). Let h(y) = y**3 + y - 5. Calculate h(x).
-5
Let h(t) = 14*t - 28. Let k(u) = -20*u + 40. Let s(g) = -7*h(g) - 5*k(g). Suppose 4*i + 5 = -0*a + 3*a, -3*i = -a. Ca